 3*t - 4*t**2 - 50 - 5*t - 2*t + 1. Let n(f) = -f**2 + 5*f - 3. Let v be n(5). Determine q(v).
-26
Let o = 84 + -68. Let x be (-4)/(o/3)*40/(-15). Let l(p) = -4*p + 31*p**2 - 63*p**2 + x + p**3 + 35*p**2. Give l(-4).
2
Let i(k) = -3*k + 5. Let l(s) = s**3 - 23*s**2 + 54*s - 49. Let a be l(21). Let g be -1 + 68/14 + 29/a. Calculate i(g).
-7
Let u be (3/3)/1 - -4. Suppose 12*g + u = 13*g. Suppose 5*b - g + 20 = 0. Let a(x) = -x - 2. What is a(b)?
1
Let z(i) be the first derivative of -11 - i - 2*i + i - 4*i - i**2. Suppose -c = 3*v + 14, 4*v + 9 + 16 = 5*c. Give z(v).
4
Let c = 26 - 23. Let t(r) be the first derivative of -r**4/4 + 5*r**3/3 - 2*r**2 - r + 432. Determine t(c).
5
Let s(x) = 5*x + 1. Let a(m) = 30 - 2*m - 2 - 3*m**2 + m**3 - 15 - m**2. Let o be a(3). What is s(o)?
-9
Let t(j) = -27*j + 2. Suppose 5*d - 7 = -b, -180*b = -179*b - 2. Calculate t(d).
-25
Let a = 276 - 271. Let t(d) be the first derivative of -d**5/120 + 11*d**4/24 - d**3/3 + 1. Let n(c) be the third derivative of t(c). What is n(a)?
6
Let s(l) = l + 0*l + 8*l. Let d = 24502 - 24505. What is s(d)?
-27
Suppose -2*j + 13 = 5*c, -1 = -3*c - 4. Let d(a) = 4269 + 4290 - 6*a + a**2 + 4268 - 12833. Give d(j).
21
Let z(i) = 13*i**3 + 34*i**2 - 29*i + 29. Let h(l) = -10*l**3 - 26*l**2 + 22*l - 22. Let p(u) = 9*h(u) + 7*z(u). Give p(-5).
5
Suppose -72*m + 73*m = 2. Let k(d) = 3*d**2 - d + 3*d**m - 14*d**2 - 10*d**2. Let j(a) = 2*a**2 - 13*a - 23. Let r be j(8). Calculate k(r).
-19
Let o(c) = 2 + 4*c + c - 2*c. Suppose 5*t = 38*a - 36*a + 15, -5*t + 15 = 2*a. What is o(t)?
11
Let p(g) = -g - 13*g**2 + 16*g**2 - 22*g**2 + 3 + 17*g**2. Determine p(-2).
-3
Let i(k) be the first derivative of -k**5/60 - 23*k**4/24 - 92*k**3/3 - 81. Let c(u) be the third derivative of i(u). Determine c(-9).
-5
Suppose -6 = -2*y - 2*q, y = q - 63 + 68. Let w(d) be the second derivative of -1/20*d**5 + 0 + 0*d**3 - 1/12*d**y - 10*d - 1/2*d**2. Calculate w(0).
-1
Suppose 5*k = -26 + 6. Let y be ((-32)/(-24))/(k/(-9)). Let g(q) = -8*q - 756*q**3 + 8*q**2 - 2 + 755*q**y - 1. Give g(7).
-10
Let q(k) be the second derivative of k**5/20 + k**4/4 - k**3/2 + 3*k**2/2 + 3*k. Suppose -2*u - 1680 = 12*u. Let p = u + 116. Determine q(p).
-1
Let c(q) = 9 - 12 + 2179*q - 14 - 2177*q. Calculate c(0).
-17
Let l be -45*(-1 + (-5)/(-3)). Let w be ((-10)/l)/((-1)/(-9)). Let v(y) = y**2 + 12 - 43 + 12 + 7 + 13 + 4*y - y**3. What is v(w)?
-5
Let z(m) be the first derivative of -m**3/3 + 2*m**2 + 15*m - 1524. What is z(7)?
-6
Let x(s) = -s**3 + 7*s**2 - 3*s + 1. Let k be x(2). Let r(m) = -5*m**2 + 43*m + m**3 - m**2 - k - 47*m. Calculate r(7).
6
Suppose 3*n + 56 = -5*n. Let s(v) = 2*v + 19. Let g be s(n). Let f(w) = -g + w + 6 + w. Calculate f(4).
9
Suppose 0 = 123*z - 121*z + 2*w - 6, -3*z + 10 = 4*w. Let d(v) = v + 7. What is d(z)?
9
Let u(k) = k**2 - 8*k + 6. Let n be u(6). Let y = 100 + -98. Let z(o) = 2 + 1 - y*o - 6 + 1. Determine z(n).
10
Let h = -11701 + 11678. Let m(p) = -7*p - 158. Calculate m(h).
3
Let g be (5/(-60)*(-52 - -49))/(1/4). Let x(c) = -4*c**3 - 4*c**2 + 3. Determine x(g).
-5
Let y(z) = -3*z**3 - 23*z**2 + 9*z - 12. Let w(h) = h**3 + 11*h**2 - 4*h + 5. Let a(k) = 5*w(k) + 2*y(k). Determine a(6).
97
Suppose 4*t - 86 = 18. Suppose 0 = -2*f - t + 30. Let i(d) = 19*d - 4. Let w(u) = 9*u - 2. Let v(b) = 2*i(b) - 5*w(b). Give v(f).
-12
Suppose 4*v + h - 19 = 0, h = -5*v + 3*v + 9. Let n(r) = -35 - 6*r + 19 + 19 + v*r. Suppose -2*d + 15 = 3. Calculate n(d).
-3
Let x(n) = -4*n + 4. Let k(q) = 5*q - 5. Let m(l) = -3*k(l) - 4*x(l). Suppose z - 67 + 66 = 0, 0 = 4*r + 4*z - 5*z - 15. What is m(r)?
3
Let x(k) be the third derivative of -k**5/60 - 5*k**4/8 - 13*k**3/2 + 5125*k**2. What is x(-4)?
5
Suppose -6*q + q - 3*d = -38, -2*d = 8. Let y be (0 + 17)*q/10. Let b(m) = 5*m + y*m - 4*m + 1. Calculate b(1).
19
Suppose j - b = -5, 0 = 3*j - 6*b + 9*b + 27. Let t(y) = -5*y - 5. Let h(g) = -4*g - 5. Let k(l) = j*h(l) + 6*t(l). Give k(-7).
19
Let n = 18276 - 18278. Let q(l) = 3 + l**3 - l**2 + 3*l + 0*l**2 + l**3. Determine q(n).
-23
Suppose -4*j = 5*a - 21, -73*j + 68*j = -2*a - 18. Let q(s) = 2*s**3 - 3*s**2 + 4*s - 1. Calculate q(a).
2
Suppose -2*n = 5*j - 13, -2*n = -9*j + 10*j - 1. Let a(u) = 8*u**2 - 22*u + 1. Calculate a(j).
7
Let n(a) = -a + 4. Let p(o) = -2*o + o**2 + 5*o - o + 2 + 4. Let c be p(0). Suppose -c = 3*r - 6*r. Determine n(r).
2
Let c = -22 - -22. Suppose n = -c + 1. Let t(m) = n - 2*m + m**2 + 0 - 6 + 1. Determine t(4).
4
Suppose 0 + 20 = -2*d. Let s be d/(-15)*(9 - 0). Let p(f) be the first derivative of -f**4/4 + 2*f**3 - 2*f - 28056. Calculate p(s).
-2
Suppose -m + 2*f = 4, 3*f + f = m + 10. Suppose -2*z = -m*n + 50, -3*z = -n + 4 + 29. Suppose 0 = 7*r - 4*r - n. Let v(x) = -x**2 + 9*x - 10. What is v(r)?
4
Let b(i) = 200*i + 1160. Let f(n) = 18*n + 104. Let r(y) = -4*b(y) + 45*f(y). What is r(-4)?
0
Let o(z) = -6*z + 100. Let m be (165/(-85) - -2) + 8130/510. Determine o(m).
4
Let t = 8 + -15. Let d(p) be the third derivative of -p**7/5040 - p**6/144 + 51*p**5/10 + p**2 - 64*p. Let g(u) be the third derivative of d(u). Calculate g(t).
2
Let o be 2/5 + 3159/65. Let t be (o - 53)*(-2)/8*5. Let h(i) = -t*i + 13*i - 4*i + 4. Determine h(-3).
-8
Let c(w) be the second derivative of -5/2*w**2 + 1/6*w**3 + 0 - 22*w. Let o(v) = -v**3 + 21*v**2 - 21*v + 26. Let n be o(20). Give c(n).
1
Suppose -18 = -10*w + 32. Suppose 0*d - d = 3*s + 12, 0 = 5*d - w*s. Let t(x) = 2*x + 1. Calculate t(d).
-5
Let s = -4228 - -4242. Let y(l) = l**3 - 15*l**2 + 15*l - 9. What is y(s)?
5
Let a(x) = -8*x - 121 + x**2 - 34 + 165 - 2*x**2. Give a(-6).
22
Suppose -4*o - 10*v + 8*v = 2, -5*v = -3*o + 31. Let l(x) = -3*x**o - 2 - 9*x - x**2 + 4*x**2 + x**2. Determine l(7).
-16
Let z be (58/(-232))/((-1)/(-12)). Let w be (-4)/3*18/(-12). Let x(s) = 10*s**2 - s + 7. Let p(l) = 3*l**2 + 2. Let g(k) = w*x(k) - 7*p(k). Give g(z).
-3
Let x be (2/(-4))/(3/6). Let r(v) = 1175*v**2 - v + 1. Let h(g) = -147*g**2. Let t(o) = -8*h(o) - r(o). Give t(x).
-1
Let x(f) = -f - 75. Let y(u) = -4*u - 277. Let i(l) = 22*x(l) - 6*y(l). Give i(-3).
6
Let b = 45147 + -45144. Let g(t) be the first derivative of -3*t + t**2 + 1/3*t**b + 40. Determine g(-6).
21
Suppose -39 - 17 = -56*m. Let u(q) = -143*q**2 + 2. Determine u(m).
-141
Let z(d) = -1 + 8*d**2 - 6*d - 3*d**3 + 7*d**3 - d. Let u(l) = -5*l**3 - 9*l**2 + 8*l + 2. Suppose 28 = 15*y - 32. Let a(j) = y*z(j) + 3*u(j). Determine a(-6).
-10
Let m(l) be the first derivative of -l**3/3 - 9*l**2/2 + 38*l - 3446. Determine m(-12).
2
Let q = -5 - -9. Let y(r) be the second derivative of 0*r**2 + 6 - 2*r + 1/6*r**3. Calculate y(q).
4
Let l(n) = -28*n**3 + 6*n**2 + 2*n - 2. Let k(z) = 3*z**2 - z + 1. Let x(d) = 2*k(d) - l(d). What is x(1)?
28
Let c(b) be the third derivative of 2/3*b**3 + 0 + 15*b**2 + 1/8*b**4 + 0*b. Suppose 0 = 58*j + 123 + 51. Determine c(j).
-5
Let k(t) = 20*t**2 - 83*t - 11. Let j(v) = 29*v**2 - 116*v - 16. Let c(p) = 5*j(p) - 7*k(p). Determine c(1).
3
Let a(l) = -l**3 + 5*l**2 - 7*l + 5. Let k be (-2)/8 + (-24827)/(-44). Suppose 561*u - k*u + 12 = 0. Determine a(u).
-7
Let l(t) = -8*t - 107816 - 107770 + 215632. What is l(5)?
6
Let d(t) = t**2 - 8*t - 11. Let q(p) = 7*p + 135. Let h be q(-32). Suppose -2*a + r = 165, -289 = 2*a - 4*r - 109. Let b = a - h. Calculate d(b).
-2
Let o = -48 + 46. Let z be (0 + 12)/(-4) - (-32 + o). Let b(q) = -13*q - 9*q + z*q - 8*q. Determine b(-7).
-7
Let u(n) = -2*n**3 - 14 + 14 + n - 6*n**2 + 3*n**3. Suppose -4*k + 6*k = 62. Suppose k = 3*c + 5*w + 8, w = 1. Calculate u(c).
6
Let l(j) = 4*j**2 - 8*j. Suppose 108 = -61*i + 43*i. Let q(o) = 5*o**2 - 9*o - 1. Let v(u) = i*l(u) + 5*q(u). Let d be -1 + (0 - (0 + 6)). What is v(d)?
23
Let y(g) = -52*g + 1. Suppose 973*q - 975*q + 4*s = 20, -s = 4*q - 14. Give y(q).
-103
Let x(t) = 2*t**2 + 13*t + 12. Suppose -92*w - 667 = 345. Determine x(w).
111
Let h = -88 - -88. Let a(p) be the second derivative of 0 + 1/6*p**3 - 5*p**2 - 1/12*p**4 + 4*p. Calculate a(h).
-10
Let f(s) = -1295*s**3 + 3*s + 1296*s**3 - 6*s**2 - 4*s - 43. Determine f(7).
-1
Let l(j) = -5*j**2 - 11*j + 7. Let i(b) = 14*b**2 + 33*b - 18. Suppose -4*a + 187 = -15*a. Let k(g) = a*l(g) - 6*i(g). Calculate k(12).
1
Let k be (-372)/(-4)*(-4 + 28/6).